 b - -122. Calculate the greatest common divisor of 17 and g.
17
Suppose -3636 + 4230 = -10*t + 37*t. What is the greatest common divisor of t and 94?
2
Let b(z) = -1293*z - 6360. Let f be b(-5). Let d be (-2*1)/((-4)/6). Suppose a + d*m - 29 = m, 3*a = -2*m + 99. What is the highest common factor of a and f?
35
Suppose 0 = 2*g + 9*g + 22. Let t be ((-64)/12)/(-4)*(-42)/g. Suppose -n + 1120 = 4*n. Calculate the highest common factor of t and n.
28
Suppose w = -5*b + 2, 10 = 3*w + 2*w. Suppose b = -5*d + 2*d. Let n(z) = z**3 - z**2 - 3*z + 156. Let o be n(d). What is the highest common divisor of o and 39?
39
Suppose 32*c + 23922 - 25394 = 0. Suppose -z + 43 = -417. Calculate the highest common factor of z and c.
46
Let l(g) = 36*g + 2817. Let f be l(71). What is the highest common divisor of 6 and f?
3
Let l(i) = 2*i**2 + i**2 - 210 - 7*i + 219. Suppose -y + 3 = -2*z - 4*y, -5*y - 43 = -3*z. Let j be l(z). Calculate the greatest common factor of j and 15.
15
Suppose 2*c = 6, 0 = -3*y + 4*c + 2 + 94. What is the highest common divisor of 2100 and y?
12
Suppose 851*d - 856*d = -150. Calculate the greatest common factor of 1840 and d.
10
Suppose 96 = 2*p - 192. Suppose 9*b - 8*b = 2*y + 48, -4*b - 4*y + p = 0. Calculate the highest common divisor of 136 and b.
8
Let s = -4112 + 4368. What is the highest common factor of s and 296?
8
Let m(n) = -42*n - 14. Let d(x) = -86*x - 30. Let f(c) = -2*d(c) + 5*m(c). Let j be f(-3). What is the greatest common factor of 26 and j?
26
Let x = 7037 + -1070. What is the greatest common divisor of x and 108?
27
Let x = -1077 - -1602. Let h = x + -411. Suppose -6*a + 304 = -2*a + 5*y, 152 = 2*a - 2*y. What is the highest common factor of a and h?
38
Let i(l) = 2*l**3 - 17*l**2 - 59*l + 340. Let s be i(16). Calculate the greatest common factor of s and 12.
4
Suppose -18*v + 52 = -38. Suppose 25 = 5*d + 5*q, -d + 3*q + v = 6*q. What is the highest common factor of d and 15?
5
Let k(h) = -15*h - 90. Let n be k(-17). Suppose -4*q + 189 = n. What is the highest common divisor of q and 15?
3
Suppose -315 + 1131 = 8*s. Let z be (-36)/100*-5*100/6. What is the highest common divisor of s and z?
6
Let r = 38890 + -4895. Calculate the greatest common divisor of r and 130.
65
Suppose 2*q - 3*m - 222 = 0, -66*q + 212 = -64*q + 2*m. What is the greatest common divisor of q and 33804?
108
Suppose 5*v = -3*y + 5*y - 1, 5*v = -4*y + 17. Suppose -y*t - 4*f = 6, -22 = -5*t - 0*f + 4*f. What is the highest common divisor of 26 and t?
2
Suppose 5*j = -5 - 15, -4*z + 2728 = -2*j. What is the greatest common divisor of z and 40?
40
Suppose -4*l = -2*n + 118, 3*l - 217 = 181*n - 186*n. Calculate the highest common divisor of 47 and n.
47
Suppose -11*r - 250 = -52. Let p be (r/8)/((-8)/((-4480)/(-15))). Calculate the greatest common factor of 63 and p.
21
Let y be (-1 - 2)/(((-312)/(-32))/(-13)). Suppose -f - 134 = -p, y*p + f - 341 - 175 = 0. Calculate the highest common divisor of 20 and p.
10
Let h = -6 + 11. Suppose -993*g + 24 = -989*g, 302 = 2*f + 2*g. Calculate the greatest common divisor of h and f.
5
Suppose 21543 = 75*v - 19257. Suppose -k + 2*o = -76, -5*o - 361 + 1 = -5*k. What is the greatest common divisor of v and k?
68
Suppose -5*q + 5 + 0 = 0, 2*d + 9 = 3*q. Let v be ((-1)/d)/((-8)/(-888)). What is the highest common factor of 185 and v?
37
Let a(z) = 40*z + 33. Let i be a(-8). Let x = -62 - i. Calculate the highest common divisor of 9 and x.
9
Let t be 21/(-9)*(-2 - (-2)/(-2)). Suppose 17*h - 150 = t*h. What is the highest common factor of h and 465?
15
Let p = 0 + 10. Let s be -2 + -5 + 2 - -2. Let q be (-2 + 4)*(6 + 0 + s). Calculate the highest common divisor of q and p.
2
Suppose 293 - 470 - 488 = -5*r. What is the greatest common divisor of r and 616?
7
Let f(h) be the first derivative of 6*h**2 - 3. Let u be f(1). Let k = 2915 - 2912. Calculate the greatest common divisor of k and u.
3
Suppose 5*f = -10*f - 1809 + 1839. Calculate the greatest common divisor of 296 and f.
2
Let a = 22397 + -21891. Calculate the highest common divisor of a and 621.
23
Let p be (-85)/(1/(-2)*2). Let j(l) = l**3 + 23*l**2 + 12*l - 57. Let y be j(-23). Let u = y + 367. What is the highest common divisor of p and u?
17
Suppose 0 = -4*n - r - 16, 3*r + 5 + 7 = -3*n. Let j be ((-10)/(-4))/((-2)/n). Let i = 250 - 210. Calculate the highest common divisor of j and i.
5
Suppose 0 = 14*c - 0*c - 14. Let a be (c - -13)/((3 + -8)/(-35)). Suppose 0 = -8*k + a + 46. What is the highest common divisor of k and 9?
9
Let b(x) = -6*x + 119. Let j be b(14). Calculate the greatest common factor of 133 and j.
7
Suppose -3*d + 4*i = -7*d + 12, -2*d - 2 = -2*i. Let f be 3/d - (-114 + 17). Let p be f/8 - 4/8. What is the highest common factor of p and 9?
3
Let w = -11235 - -12834. What is the greatest common factor of w and 9?
3
Let i be (3/(-2))/(138/(-1748)). What is the highest common divisor of 5111 and i?
19
Let s = 705 - 1137. Let g = 576 + s. What is the greatest common factor of g and 80?
16
Let y be 6*-1*((-160)/(-24))/2. Let v(g) = -40*g - 74. Let c be v(y). Calculate the greatest common divisor of 66 and c.
66
Suppose 3*t - 20294 - 361 = -5*i, 0 = -2*i - 3*t + 8262. Calculate the highest common factor of i and 51.
51
Let w = -38 - 12. Let n = 87 + w. What is the greatest common factor of 259 and n?
37
Suppose -8*s + 7 + 41 = 0. Suppose -7*d + 38 = 5*h - 11*d, -14 = -h + 4*d. Calculate the highest common divisor of s and h.
6
Let i(q) = 19*q**2 - 11*q + 6. Let a be i(-2). Calculate the highest common factor of 1118 and a.
26
Suppose -6*p + 8*p = -2. Let q be 9*(p - 0)*(-25)/15. Let a be -3 + 5 + -2 - -105. Calculate the greatest common divisor of q and a.
15
Let q(y) = 10*y**2 - y + 3. Let x be q(3). Let p be 3*28/(-756) - (-7210)/90. Calculate the highest common factor of x and p.
10
Let q(n) = n**3 - 110*n**2 - 92*n - 409. Let j be q(111). What is the greatest common factor of 4420 and j?
340
Let m = 37 + -13. Suppose 238 = 71*y - 16*y - 202. Calculate the greatest common divisor of m and y.
8
Let i be 1121 - 599 - -7*(-1 + 2). What is the greatest common factor of 184 and i?
23
Let o = 3426 - 2922. What is the greatest common divisor of 18 and o?
18
Suppose 11*f - 23*f + 4680 = 0. Calculate the greatest common factor of 30 and f.
30
Let r = 436 - -1796. Calculate the highest common divisor of r and 4.
4
Let g(q) = -7*q - 26. Let k be g(-3). Let p be (-135)/(-12) + k/4. Let z be (-6)/5*(-100)/6. What is the highest common factor of z and p?
10
Let k(x) = -1. Let t(d) = 8*d - 21. Let m(h) = 4*k(h) + 2*t(h). Let g be m(23). Calculate the greatest common factor of 14 and g.
14
Let h be 11/10 - 3/5 - (-83790)/60. Calculate the highest common factor of 88 and h.
11
Suppose 11*k - 2418 = 5*k. Let m = -362 + k. What is the greatest common factor of 205 and m?
41
Suppose 0 = 3*c + 5*x - 145, 3*x - 63 = 4*c - 237. Suppose c*n = 51*n - 66. What is the highest common factor of n and 187?
11
Suppose a = -2*w + 299, -14*a - 4*w - 1565 = -19*a. Calculate the greatest common divisor of a and 721.
103
Let f be 120/(-7)*4/((-20)/35). Suppose -18*r = -10*r - f. Let o = 84 - 54. Calculate the greatest common divisor of o and r.
15
Suppose 86*z - 90*z = 8, 5*h + 4*z - 4672 = 0. What is the highest common divisor of 180 and h?
36
Let z(x) = 18*x**2. Let m be z(-2). Let i = -1163 - -1172. Let f be i/m + 215/8. What is the greatest common factor of 18 and f?
9
Let h(q) = -25*q - 13. Let d be h(-9). Let m = d + -206. Calculate the greatest common divisor of m and 114.
6
Suppose -41*b = -43*b + 170. Suppose 0 = -2*h + 5*h + 186. Let t = h + b. What is the highest common factor of t and 161?
23
Suppose 25*b + 1 = 79*b - 1403. Calculate the highest common factor of 134 and b.
2
Suppose 10*x - 2*x - 406 = -2*m, -3*m + 545 = -4*x. What is the greatest common divisor of 204 and m?
17
Suppose 2232 = 4*d + 5*u, -5*d = 3950*u - 3947*u - 2777. What is the greatest common divisor of d and 395?
79
Let a(i) = 7*i**2 + 5*i - 73. Let w be a(-10). Let d = -222 + w. What is the greatest common divisor of d and 5?
5
Let x = -8798 - -16436. Calculate the greatest common factor of 76 and x.
38
Suppose -255*s + 250*s - 3*x = -18092, 14484 = 4*s + 5*x. What is the highest common divi